 the remainder when 275 is divided by 46?
45
Calculate the remainder when 991 is divided by 135.
46
What is the remainder when 698 is divided by 229?
11
Calculate the remainder when 43 is divided by 17.
9
Calculate the remainder when 422 is divided by 65.
32
What is the remainder when 991 is divided by 145?
121
Calculate the remainder when 286 is divided by 41.
40
What is the remainder when 1228 is divided by 41?
39
Calculate the remainder when 454 is divided by 126.
76
What is the remainder when 117 is divided by 20?
17
What is the remainder when 1154 is divided by 231?
230
What is the remainder when 79 is divided by 18?
7
What is the remainder when 4751 is divided by 28?
19
Calculate the remainder when 13040 is divided by 161.
160
Calculate the remainder when 134 is divided by 62.
10
Calculate the remainder when 350 is divided by 168.
14
What is the remainder when 61 is divided by 9?
7
What is the remainder when 101 is divided by 3?
2
What is the remainder when 232 is divided by 83?
66
What is the remainder when 1098 is divided by 122?
0
Calculate the remainder when 39 is divided by 9.
3
What is the remainder when 114 is divided by 10?
4
What is the remainder when 4258 is divided by 40?
18
What is the remainder when 139 is divided by 18?
13
Calculate the remainder when 1518 is divided by 500.
18
What is the remainder when 658 is divided by 40?
18
Calculate the remainder when 639 is divided by 313.
13
What is the remainder when 180 is divided by 32?
20
Calculate the remainder when 199 is divided by 66.
1
Calculate the remainder when 108 is divided by 57.
51
Calculate the remainder when 17833 is divided by 364.
361
What is the remainder when 106 is divided by 11?
7
What is the remainder when 3021 is divided by 12?
9
Calculate the remainder when 3703 is divided by 70.
63
Calculate the remainder when 485 is divided by 474.
11
Calculate the remainder when 41 is divided by 11.
8
Calculate the remainder when 15025 is divided by 10.
5
What is the remainder when 837 is divided by 211?
204
Calculate the remainder when 126 is divided by 14.
0
Calculate the remainder when 528 is divided by 171.
15
Calculate the remainder when 465 is divided by 162.
141
Calculate the remainder when 15 is divided by 13.
2
Calculate the remainder when 499 is divided by 25.
24
Calculate the remainder when 663 is divided by 18.
15
What is the remainder when 290 is divided by 49?
45
Calculate the remainder when 79 is divided by 1.
0
What is the remainder when 123 is divided by 22?
13
What is the remainder when 21 is divided by 12?
9
What is the remainder when 1087 is divided by 85?
67
Calculate the remainder when 503 is divided by 30.
23
What is the remainder when 2871 is divided by 356?
23
Calculate the remainder when 1046 is divided by 133.
115
What is the remainder when 282 is divided by 51?
27
What is the remainder when 5490 is divided by 459?
441
Calculate the remainder when 30 is divided by 11.
8
What is the remainder when 279 is divided by 152?
127
What is the remainder when 4104 is divided by 111?
108
What is the remainder when 809 is divided by 116?
113
Calculate the remainder when 316 is divided by 315.
1
What is the remainder when 63 is divided by 3?
0
What is the remainder when 681 is divided by 175?
156
What is the remainder when 449 is divided by 74?
5
Calculate the remainder when 23037 is divided by 80.
77
Calculate the remainder when 950 is divided by 137.
128
Calculate the remainder when 1477 is divided by 8.
5
Calculate the remainder when 1047 is divided by 42.
39
What is the remainder when 348 is divided by 25?
23
Calculate the remainder when 472 is divided by 43.
42
Calculate the remainder when 69 is divided by 3.
0
Calculate the remainder when 126 is divided by 24.
6
Calculate the remainder when 16 is divided by 10.
6
Calculate the remainder when 1353 is divided by 97.
92
What is the remainder when 17 is divided by 3?
2
Calculate the remainder when 39 is divided by 9.
3
Calculate the remainder when 153 is divided by 48.
9
Calculate the remainder when 424 is divided by 85.
84
Calculate the remainder when 668 is divided by 120.
68
Calculate the remainder when 405 is divided by 41.
36
What is the remainder when 82 is divided by 17?
14
What is the remainder when 102 is divided by 13?
11
Calculate the remainder when 758 is divided by 152.
150
Calculate the remainder when 136 is divided by 72.
64
What is the remainder when 425 is divided by 64?
41
What is the remainder when 1469 is divided by 21?
20
What is the remainder when 59 is divided by 11?
4
What is the remainder when 419 is divided by 84?
83
Calculate the remainder when 175 is divided by 62.
51
What is the remainder when 69 is divided by 8?
5
Calculate the remainder when 941 is divided by 75.
41
Calculate the remainder when 981 is divided by 21.
15
Calculate the remainder when 6439 is divided by 92.
91
Calculate the remainder when 419 is divided by 209.
1
Calculate the remainder when 7718 is divided by 26.
22
What is the remainder when 306 is divided by 22?
20
What is the remainder when 659 is divided by 227?
205
Calculate the remainder when 88 is divided by 4.
0
What is the remainder when 538 is divided by 45?
43
What is the remainder when 16131 is divided by 37?
36
What is the remainder when 56 is divided by 29?
27
What is the remainder when 118 is divided by 33?
19
Calculate the remainder when 2734 is divided by 7.
4
What is the remainder when 143 is divided by 8?
7
What is the remainder when 156 is divided by 27?
21
What is the remainder when 1654 is divided by 72?
70
What is the remainder when 2762 is divided by 79?
76
Calculate the remainder when 10471 is divided by 22.
21
Calculate the remainder when 126 is divided by 18.
0
What is the remainder when 22 is divided by 13?
9
What is the remainder when 162 is divided by 49?
15
What is the remainder when 863 is divided by 210?
23
Calculate the remainder when 197 is divided by 11.
10
What is the remainder when 282 is divided by 52?
22
Calculate the remainder when 4075 is divided by 77.
71
Calculate the remainder when 2046 is divided by 2032.
14
Calculate the remainder when 5486 is divided by 28.
26
What is the remainder when 489 is divided by 441?
48
What is the remainder when 1537 is divided by 218?
11
What is the remainder when 1230 is divided by 121?
20
Calculate the remainder when 203 is divided by 42.
35
What is the remainder when 219 is divided by 47?
31
What is the remainder when 808 is divided by 18?
16
What is the remainder when 878 is divided by 39?
20
What is the remainder when 1598 is divided by 225?
23
Calculate the remainder when 5021 is divided by 201.
197
Calculate the remainder when 185 is divided by 31.
30
What is the remainder when 1003 is divided by 306?
85
Calculate the remainder when 302 is divided by 16.
14
What is the remainder when 164 is divided by 11?
10
Calculate the remainder when 120 is divided by 44.
32
Calculate the remainder when 1577 is divided by 773.
31
What is the remainder when 691 is divided by 117?
106
Calculate the remainder when 277 is divided by 107.
63
What is the remainder when 141 is divided by 4?
1
Calculate the remainder when 121 is divided by 101.
20
What is the remainder when 658 is divided by 344?
314
What is the remainder when 928 is divided by 86?
68
Calculate the remainder when 57 is divided by 15.
12
Calculate the remainder when 158 is divided by 33.
26
What is the remainder when 97 is divided by 60?
37
Calculate the remainder when 165 is divided by 46.
27
What is the remainder when 13222 is divided by 115?
112
Calculate the remainder when 10198 is divided by 7.
6
Calculate the remainder when 1144 is divided by 566.
12
What is the remainder when 236 is divided by 3?
2
What is the remainder when 3767 is divided by 8?
7
What is the remainder when 2559 is divided by 64?
63
What is the remainder when 663 is divided by 35?
33
Calculate the remainder when 123 is divided by 32.
27
Calculate the remainder when 218 is divided by 66.
20
What is the remainder when 1243 is divided by 25?
18
Calculate the remainder when 259 is divided by 94.
71
What is the remainder when 2871 is divided by 169?
167
Calculate the remainder when 89 is divided by 32.
25
Calculate the remainder when 158 is divided by 127.
31
